vided by 10144?
7
Calculate the remainder when 9107306 is divided by 910722.
86
What is the remainder when 246107253 is divided by 123?
120
What is the remainder when 314252 is divided by 77170?
5572
What is the remainder when 78968 is divided by 910?
708
What is the remainder when 31051 is divided by 43?
5
What is the remainder when 270123 is divided by 89946?
285
What is the remainder when 31691 is divided by 1628?
759
Calculate the remainder when 4004789 is divided by 68.
65
Calculate the remainder when 36862847 is divided by 11.
10
Calculate the remainder when 135654484 is divided by 11.
9
Calculate the remainder when 672340 is divided by 168069.
64
Calculate the remainder when 142870 is divided by 551.
161
Calculate the remainder when 79886 is divided by 16951.
12082
What is the remainder when 85103 is divided by 304?
287
What is the remainder when 41167 is divided by 32797?
8370
Calculate the remainder when 377776 is divided by 549.
64
What is the remainder when 72670711 is divided by 678?
637
What is the remainder when 1775377 is divided by 887686?
5
What is the remainder when 21445538 is divided by 21?
2
What is the remainder when 9797041 is divided by 9797015?
26
What is the remainder when 1288125 is divided by 429308?
201
Calculate the remainder when 5479890 is divided by 16456.
42
Calculate the remainder when 168227908 is divided by 3183.
3175
Calculate the remainder when 320886 is divided by 1.
0
What is the remainder when 44826 is divided by 7409?
372
Calculate the remainder when 44265419 is divided by 545.
519
What is the remainder when 414997256 is divided by 20?
16
What is the remainder when 7417375 is divided by 60?
55
Calculate the remainder when 60237 is divided by 30075.
87
Calculate the remainder when 245543 is divided by 1387.
44
What is the remainder when 505329 is divided by 86?
79
What is the remainder when 3337598 is divided by 9093?
467
What is the remainder when 30289687 is divided by 44348?
3
What is the remainder when 379546881 is divided by 913?
912
What is the remainder when 271303173 is divided by 715?
713
What is the remainder when 373887 is divided by 186920?
47
What is the remainder when 337411 is divided by 256?
3
Calculate the remainder when 947941 is divided by 35.
1
Calculate the remainder when 3486520 is divided by 2814.
2788
Calculate the remainder when 493349 is divided by 22422.
65
What is the remainder when 84018 is divided by 39662?
4694
Calculate the remainder when 3482 is divided by 50.
32
What is the remainder when 42524 is divided by 21049?
426
Calculate the remainder when 142598 is divided by 15844.
2
What is the remainder when 81682 is divided by 768?
274
What is the remainder when 44657618 is divided by 6549?
6536
Calculate the remainder when 423508 is divided by 60436.
456
What is the remainder when 164046 is divided by 117?
12
Calculate the remainder when 237717 is divided by 237687.
30
Calculate the remainder when 164695 is divided by 149.
50
Calculate the remainder when 3050389 is divided by 598.
589
What is the remainder when 243455 is divided by 243316?
139
What is the remainder when 357308 is divided by 4256?
4060
What is the remainder when 90683 is divided by 681?
110
What is the remainder when 8621387 is divided by 12984?
11
What is the remainder when 1409672 is divided by 1780?
1692
Calculate the remainder when 14257394 is divided by 1362.
1340
What is the remainder when 70222 is divided by 1948?
94
Calculate the remainder when 16466 is divided by 575.
366
What is the remainder when 367243 is divided by 11127?
52
Calculate the remainder when 12645178 is divided by 6322555.
68
Calculate the remainder when 33557839 is divided by 3189.
3181
What is the remainder when 534319 is divided by 642?
175
What is the remainder when 386431 is divided by 171?
142
Calculate the remainder when 141335 is divided by 240.
215
Calculate the remainder when 12350387 is divided by 1966.
1941
What is the remainder when 11360714 is divided by 44?
2
Calculate the remainder when 72835969 is divided by 20.
9
What is the remainder when 121479 is divided by 159?
3
What is the remainder when 60899 is divided by 2671?
2137
Calculate the remainder when 657193532 is divided by 226.
222
Calculate the remainder when 597274 is divided by 597220.
54
Calculate the remainder when 854309 is divided by 220.
49
Calculate the remainder when 28512790 is divided by 2442.
2440
Calculate the remainder when 2883632 is divided by 1417.
37
What is the remainder when 1520398 is divided by 21414?
4
Calculate the remainder when 56657683 is divided by 119.
117
Calculate the remainder when 4779754 is divided by 12101.
11960
What is the remainder when 951231 is divided by 6213?
642
What is the remainder when 8013632 is divided by 2671206?
14
Calculate the remainder when 5363678 is divided by 5953.
25
Calculate the remainder when 37007711 is divided by 211.
210
Calculate the remainder when 52883 is divided by 1773.
1466
Calculate the remainder when 18961245 is divided by 6320412.
9
What is the remainder when 5328327 is divided by 6276?
3
What is the remainder when 48625 is divided by 38?
23
What is the remainder when 926429844 is divided by 410?
404
Calculate the remainder when 32673 is divided by 31557.
1116
Calculate the remainder when 4071331 is divided by 2035662.
7
Calculate the remainder when 806026 is divided by 615.
376
Calculate the remainder when 144083934 is divided by 29.
15
Calculate the remainder when 60883 is divided by 2093.
186
Calculate the remainder when 1362310 is divided by 1088.
134
Calculate the remainder when 609589 is divided by 203118.
235
What is the remainder when 221377 is divided by 13022?
3
What is the remainder when 23397 is divided by 1128?
837
Calculate the remainder when 22858148 is divided by 5714537.
0
What is the remainder when 1039146 is divided by 3159?
2994
Calculate the remainder when 69216 is divided by 2030.
196
What is the remainder when 302648 is divided by 90?
68
Calculate the remainder when 493092 is divided by 4600.
892
Calculate the remainder when 378710 is divided by 6644.
2
Calculate the remainder when 3140919 is divided by 1368.
1359
Calculate the remainder when 15199042 is divided by 7599516.
10
What is the remainder when 139187 is divided by 398?
285
Calculate the remainder when 4034404 is divided by 1224.
100
Calculate the remainder when 297543273 is divided by 65.
53
What is the remainder when 97072 is divided by 237?
139
Calculate the remainder when 1370173 is divided by 685086.
1
What is the remainder when 83538 is divided by 80109?
3429
What is the remainder when 12292719 is divided by 51650?
19
Calculate the remainder when 165697 is divided by 3583.
879
Calculate the remainder when 176109439 is divided by 640.
639
What is the remainder when 103373298 is divided by 111?
108
What is the remainder when 776010 is divided by 387983?
44
Calculate the remainder when 81491 is divided by 40725.
41
What is the remainder when 2966645 is divided by 82403?
137
What is the remainder when 248363 is divided by 16410?
2213
What is the remainder when 91245 is divided by 30087?
984
What is the remainder when 1465276 is divided by 549?
544
What is the remainder when 1710830 is divided by 37191?
44
What is the remainder when 2491767 is divided by 37?
2
What is the remainder when 103251 is divided by 10995?
4296
Calculate the remainder when 5867380 is divided by 130386.
10
What is the remainder when 1022739 is divided by 457?
430
What is the remainder when 226368 is divided by 2804?
2048
What is the remainder when 577316 is divided by 909?
101
What is the remainder when 288409 is divided by 4?
1
What is the remainder when 79989254 is divided by 27?
26
What is the remainder when 31926 is divided by 14080?
3766
What is the remainder when 18745816 is divided by 76827?
28
Calculate the remainder when 27560113 is divided by 46.
41
What is the remainder when 459340 is divided by 1431?
1420
What is the remainder when 11595097 is divided by 472?
417
What is the remainder when 169359 is divided by 478?
147
Calculate the remainder when 158586335 is divided by 216.
215
Calculate the remainder when 181021 is divided by 265.
26
What is the remainder when 266066675 is divided by 419?
418
Calculate the remaind